 the units digit of w(t)?
6
Let b(o) = o**3 + 6*o**2 - o + 12. Let r be b(-4). Let k = 56 - r. Suppose -k*m + 318 = -5*m. What is the tens digit of m?
0
Suppose 0 = d + 3*d + 2500. Let q be 2*(2/(-11) - d/110). Suppose -q - 88 = -l. What is the units digit of l?
9
Let j = 5740 - -3461. What is the tens digit of j?
0
Suppose 0 = -97*x + 318083 + 335794. What is the tens digit of x?
4
What is the units digit of (-14)/49 + (-1124745)/63*-3?
9
Let f = -55 + 58. Let u be (4/f)/(3/9) - 2. Suppose -4*w = u*o - 246, -299 + 56 = -4*w + o. What is the tens digit of w?
6
Suppose 20621 - 86882 = -39*h. What is the thousands digit of h?
1
Suppose 0 = 3*y + 3*v - 121131, -y + 20*v - 22*v = -40379. What is the ten thousands digit of y?
4
Let o(j) = -28*j - 106. Let h be o(-22). Let t = h - 233. What is the tens digit of t?
7
Let p(u) = -23*u**3 + 3*u**2 - 24*u + 29. What is the units digit of p(-12)?
3
Let l = -21 - -21. Let u be -1 + 12 - (-8)/(-20)*5. Suppose 180 = u*b - l*b. What is the units digit of b?
0
Let g(y) be the first derivative of 29*y**3/3 + 19*y**2/2 - 24*y - 84. What is the hundreds digit of g(-6)?
9
Let y be (19 + -18)/(1/2124). Suppose 0 = 12*n - 21*n + y. What is the tens digit of n?
3
Let s = 330 - 313. Let u = 49 + -35. Suppose u*p + 609 = s*p. What is the hundreds digit of p?
2
Let w(g) = 26*g**2 - 2*g + 0 + 3*g + 10 - 9. What is the tens digit of w(1)?
2
Suppose 115*y - 122*y - 4984 = 0. Let j = -551 - y. What is the units digit of j?
1
Let d(j) = -10*j - 17*j - 22*j - 95. What is the hundreds digit of d(-9)?
3
Let u = 75 + -32. Suppose 19*a + 3*j = 22*a - 132, -8*j = -3*a + 122. Suppose u*b + 237 = a*b. What is the units digit of b?
9
Let f = 171 - 176. What is the units digit of (-51478)/(-56) + (f/(-4))/(-5)?
9
Suppose -4 = -2*s, 2*f = 9*s - 8*s - 378. Let b = f - -826. What is the units digit of b?
8
Let h(m) be the third derivative of 7/60*m**5 + 0 - 1/2*m**3 - 7*m**2 + 0*m - 1/12*m**4. What is the units digit of h(-2)?
9
Let a = -36585 - -52866. What is the thousands digit of a?
6
Let i(d) be the first derivative of d**3/3 + 9*d**2/2 + 12*d + 19. Let k be i(-8). What is the hundreds digit of 6062/28 + 2/k?
2
Suppose 7*n - 4970 - 15134 = 0. Suppose s = 0, -n = -4*b - 0*b + 5*s. What is the hundreds digit of b?
7
Let w(g) = 508*g - 683. What is the hundreds digit of w(9)?
8
Let r(h) be the third derivative of h**6/120 + 7*h**5/30 - 3*h**4/8 - 49*h**3/6 + 49*h**2. What is the hundreds digit of r(-12)?
3
Let y = -217 + 394. Let p(b) = -50*b - 275. Let o be p(-3). Let w = y + o. What is the tens digit of w?
5
Let j(x) = 2*x**2 - 670*x + 101. What is the ten thousands digit of j(-34)?
2
Suppose -7*i - 111 = -4*i. Let l = i + 40. What is the units digit of 42 - (-2)/(2/l)?
5
Suppose 0 = -21*q + 27*q. Suppose c + 2 = q, -671 = 3*s - 6*s + 4*c. What is the tens digit of s?
2
Suppose 3*x = 8*x - 7095. Suppose -5*c - 3*y + 1412 = 0, -4*y = -2*c - 3*c + x. Suppose 5*v = c + 247. What is the tens digit of v?
0
Suppose -423774 = -19*g - 59*g. What is the thousands digit of g?
5
Suppose 5*q - m - 265 = 4*m, 0 = 5*q + 2*m - 286. Let w = q - 54. Suppose -w*s - 305 = -7*s. What is the units digit of s?
1
Let s be ((-8)/14)/((-5)/35). Suppose -16 + s = -2*c. Suppose -3*x + 2*x = -4*j - 123, c = -2*j. What is the units digit of x?
1
Suppose -2*m - 2*m - 152 = 3*s, 4*m + 240 = -5*s. Let l = s - -57. Suppose 172 = l*f - 11*f. What is the units digit of f?
6
Let b be (20 + -22)*2*(2 + -1). Let m be (1190 + -1 - 0 - b)*1. Suppose -13*h - m = -4807. What is the hundreds digit of h?
2
Suppose -281 - 109 = -3*b. Suppose -38 + b = g. What is the tens digit of g?
9
Let g = -120 + 144. Suppose 0 = 4*w - g - 16. What is the units digit of w?
0
Let c(u) = -2*u**2 - 15 + 3*u**2 - 16 - 15*u. Let x be c(17). Suppose 6*b - 249 = x*b. What is the units digit of b?
3
Suppose 5*l = -25 - 360. Let p be (256/(-3))/(15 - (-423)/(-27)). Let c = p + l. What is the tens digit of c?
5
Let x be (-1)/(-5) - (-4017)/15. Suppose 2*h + 0*h = x. Suppose 5*w = 3*w + h. What is the tens digit of w?
6
Let x(z) be the second derivative of -5*z**2 + 5*z**2 - 10*z**3 + 8*z + 17*z**2 - z**3. What is the tens digit of x(-3)?
3
Let p = 145 - 102. Suppose c - 14 = p. What is the units digit of c - 12 - (-1 + 0)?
6
Let a(i) = 78*i**2 - 38*i + 135. What is the thousands digit of a(9)?
6
Let d(h) be the first derivative of h**2/2 + 22. Let x be d(5). Suppose 158 - 31 = 3*o - 4*s, 4*s - 233 = -x*o. What is the units digit of o?
5
Suppose 4*b - 187 = -19. Suppose -2*o = -3*m + 3, -32*m = -2*o - 28*m - 2. Let g = b - o. What is the units digit of g?
5
Let p = 520 + -321. What is the units digit of p*(2 - 0/8)?
8
Suppose -7850 = -5*a + 5*q, 4*a + 290*q - 292*q = 6288. What is the hundreds digit of a?
5
Suppose 51*y - 16893 = 23*y + 96871. What is the hundreds digit of y?
0
Let z be 0/(-1) + 2/(14/399). Let t be 1 - 2 - -20 - -2. Let g = t + z. What is the tens digit of g?
7
Suppose -5*v = -4*r - 49622, v - 186*r - 9920 = -183*r. What is the hundreds digit of v?
9
Suppose -24*o + 308290 = -731381 + 15975. What is the thousands digit of o?
2
Suppose -16280 = -4*y + 4*j + 75160, 4*y - 3*j = 91440. What is the hundreds digit of y?
8
Let i be (-5)/10 + (-85)/10. Let b(h) = 4*h**2 - 2*h**2 - h**2 + 7*h - 3. What is the tens digit of b(i)?
1
Suppose -3*y = -5*m - 5155, -5*y + 1713 = -4*y + m. Let n = y - 272. What is the thousands digit of n?
1
Suppose 3*q = -o + 6576, -2*o + 2*q + 5557 + 7619 = 0. What is the units digit of o?
5
What is the thousands digit of (-1578)/(-4)*(-11)/((-1386)/4116)?
2
Let k = 10908 + -7018. What is the units digit of k?
0
Let q = -21915 + 31497. What is the thousands digit of q?
9
Suppose 26 = -2*c + 32, w - c = 14069. What is the hundreds digit of w?
0
Suppose -51*q + 184459 = -237821. What is the thousands digit of q?
8
What is the hundreds digit of (-3063)/((22/(-924)*7)/((-3)/(-1)))?
1
Suppose 350 = 253*h - 260*h. Let o(a) = a**3 + 49*a**2 - 50*a + 110. What is the hundreds digit of o(h)?
1
Suppose -20 = -3*r - 14. Suppose -r*m + 5*m = 51. Suppose m*n = 13*n + 108. What is the units digit of n?
7
Suppose -1 - 2 = -q + 3*s, s + 34 = 4*q. Let c = q + -5. Suppose o - c*o = -3. What is the units digit of o?
1
Suppose 2*s + 3*s + 48 = 2*f, -3*s + 96 = 4*f. What is the hundreds digit of 1235/4 + 18/f*-1?
3
What is the tens digit of 4/10 - 3594772/(-370)?
1
Let p(f) = 111*f**3 - 2*f**2 + 7*f + 15. What is the hundreds digit of p(4)?
1
Let t = -35 + 43. Let o = t - 18. Let n(b) = 2*b + 34. What is the units digit of n(o)?
4
Suppose 9*z + 6 = -w + 6*z, -4*w = z - 9. Suppose 5*k - 31 = -w*h - 2, -4*k + 3*h + 7 = 0. Let g = 222 + k. What is the units digit of g?
6
Let m(z) = -z**3 - z**2 - 4*z - 23. Let d be m(-3). Suppose 4 = -d*x + 9*x. Suppose x = -2*n, -89 - 62 = -2*a + n. What is the units digit of a?
5
Let j(i) = 324*i + 110. Suppose -9 = 4*q - 33. What is the tens digit of j(q)?
5
Let x(c) = 13*c**2 - 25*c - 43. What is the ten thousands digit of x(37)?
1
Let s be 2076/5 + 80/100. Suppose 3*x = 15, -3*z + s + 393 = -5*x. What is the tens digit of z?
7
Let j be 3 - 36/15 - 304/(-10). Suppose j*w = -6*w + 44696. What is the tens digit of w?
0
Let v(b) = -117*b. Let l(n) = -117*n - 1. Let j(t) = 6*l(t) - 7*v(t). What is the units digit of j(2)?
8
Let q(d) be the second derivative of -d**3/6 + 5*d**2 + 7*d. Let t be q(15). Let c(b) = -10*b + 7. What is the units digit of c(t)?
7
Let w(v) = -v**3 - 12*v**2 - 7*v + 10. Let z(q) = -5*q. Let m be z(-7). Let u = 23 - m. What is the units digit of w(u)?
4
Suppose 4*r - 16 = 0, 91*d - 96*d - 2*r = -7358. What is the thousands digit of d?
1
Let p(s) = -2*s - 101. Let n be p(-52). Suppose 5*i - 2*i - 18 = 0. Suppose 9 = 5*v - i, -234 = -n*x + 4*v. What is the units digit of x?
2
Suppose z + 345 = 115. Let r = 88 - z. What is the units digit of r?
8
Let m(g) = 9*g**2 + 5*g + 4. Let h be m(-1). Suppose -h*w + w + 7350 = 0. Suppose -4*i + w = k, 8*k = 2*i + 4*k - 534. What is the hundreds digit of i?
2
Suppose h = 467 - 468. What is the units digit of (h/(-3 - -2))/((-8)/(-6256))?
2
Let t(h) = -h**2 - 15*h - 57. Let s be t(-8). What is the units digit of (0 + s - 2) + 8?
5
Suppose -50929 + 744193 = -12*w + 113*w. What is the thousands 